{"id":309,"date":"2023-03-01T13:13:07","date_gmt":"2023-03-01T13:13:07","guid":{"rendered":"https:\/\/pruebas-web.net\/?post_type=portfolio&#038;p=309"},"modified":"2023-03-01T13:19:00","modified_gmt":"2023-03-01T13:19:00","slug":"leonardo-da-vinci-antares-ii","status":"publish","type":"portfolio","link":"https:\/\/surestegc.org\/index.php\/portfolio-item\/leonardo-da-vinci-antares-ii\/","title":{"rendered":"LEONARDO DA VINCI &#8211; ANTARES II"},"content":{"rendered":"","protected":false},"excerpt":{"rendered":"<p>Tanto la Mancomunidad como los Ayuntamientos que la conforman est\u00e1n especialmente sensibilizados en la promoci\u00f3n de la econom\u00eda de la Comarca. Una herramienta clave es potenciar la formaci\u00f3n de su poblaci\u00f3n joven. <\/p>\n","protected":false},"author":1,"featured_media":310,"menu_order":0,"comment_status":"open","ping_status":"closed","template":"","meta":[],"portfolio-types":[4],"class_list":["post-309","portfolio","type-portfolio","status-publish","has-post-thumbnail","hentry","portfolio-types-proyectos"],"yoast_head":"<!-- This site is optimized with the Yoast SEO plugin v27.0 - https:\/\/yoast.com\/product\/yoast-seo-wordpress\/ -->\n<title>LEONARDO DA VINCI - ANTARES II - Mancomunidad Sureste de Gran Canaria<\/title>\n<meta name=\"robots\" content=\"noindex, follow, max-snippet:-1, max-image-preview:large, max-video-preview:-1\" \/>\n<meta property=\"og:locale\" content=\"es_ES\" \/>\n<meta property=\"og:type\" content=\"article\" \/>\n<meta property=\"og:title\" content=\"LEONARDO DA VINCI - ANTARES II - Mancomunidad Sureste de Gran Canaria\" \/>\n<meta property=\"og:description\" content=\"Tanto la Mancomunidad como los Ayuntamientos que la conforman est\u00e1n especialmente sensibilizados en la promoci\u00f3n de la econom\u00eda de la Comarca. Una herramienta clave es potenciar la formaci\u00f3n de su poblaci\u00f3n joven.\" \/>\n<meta property=\"og:url\" content=\"https:\/\/surestegc.org\/index.php\/portfolio-item\/leonardo-da-vinci-antares-ii\/\" \/>\n<meta property=\"og:site_name\" content=\"Mancomunidad Sureste de Gran Canaria\" \/>\n<meta property=\"article:modified_time\" content=\"2023-03-01T13:19:00+00:00\" \/>\n<meta property=\"og:image\" content=\"https:\/\/surestegc.org\/wp-content\/uploads\/2023\/03\/Disen\u0303o-sin-ti\u0301tulo-84.png\" \/>\n\t<meta property=\"og:image:width\" content=\"400\" \/>\n\t<meta property=\"og:image:height\" content=\"400\" \/>\n\t<meta property=\"og:image:type\" content=\"image\/png\" \/>\n<meta name=\"twitter:card\" content=\"summary_large_image\" \/>\n<script type=\"application\/ld+json\" class=\"yoast-schema-graph\">{\"@context\":\"https:\/\/schema.org\",\"@graph\":[{\"@type\":\"WebPage\",\"@id\":\"https:\/\/surestegc.org\/index.php\/portfolio-item\/leonardo-da-vinci-antares-ii\/\",\"url\":\"https:\/\/surestegc.org\/index.php\/portfolio-item\/leonardo-da-vinci-antares-ii\/\",\"name\":\"LEONARDO DA VINCI - ANTARES II - Mancomunidad Sureste de Gran Canaria\",\"isPartOf\":{\"@id\":\"https:\/\/surestegc.org\/#website\"},\"primaryImageOfPage\":{\"@id\":\"https:\/\/surestegc.org\/index.php\/portfolio-item\/leonardo-da-vinci-antares-ii\/#primaryimage\"},\"image\":{\"@id\":\"https:\/\/surestegc.org\/index.php\/portfolio-item\/leonardo-da-vinci-antares-ii\/#primaryimage\"},\"thumbnailUrl\":\"https:\/\/surestegc.org\/wp-content\/uploads\/2023\/03\/Disen\u0303o-sin-ti\u0301tulo-84.png\",\"datePublished\":\"2023-03-01T13:13:07+00:00\",\"dateModified\":\"2023-03-01T13:19:00+00:00\",\"breadcrumb\":{\"@id\":\"https:\/\/surestegc.org\/index.php\/portfolio-item\/leonardo-da-vinci-antares-ii\/#breadcrumb\"},\"inLanguage\":\"es\",\"potentialAction\":[{\"@type\":\"ReadAction\",\"target\":[\"https:\/\/surestegc.org\/index.php\/portfolio-item\/leonardo-da-vinci-antares-ii\/\"]}]},{\"@type\":\"ImageObject\",\"inLanguage\":\"es\",\"@id\":\"https:\/\/surestegc.org\/index.php\/portfolio-item\/leonardo-da-vinci-antares-ii\/#primaryimage\",\"url\":\"https:\/\/surestegc.org\/wp-content\/uploads\/2023\/03\/Disen\u0303o-sin-ti\u0301tulo-84.png\",\"contentUrl\":\"https:\/\/surestegc.org\/wp-content\/uploads\/2023\/03\/Disen\u0303o-sin-ti\u0301tulo-84.png\",\"width\":400,\"height\":400},{\"@type\":\"BreadcrumbList\",\"@id\":\"https:\/\/surestegc.org\/index.php\/portfolio-item\/leonardo-da-vinci-antares-ii\/#breadcrumb\",\"itemListElement\":[{\"@type\":\"ListItem\",\"position\":1,\"name\":\"Portada\",\"item\":\"https:\/\/surestegc.org\/\"},{\"@type\":\"ListItem\",\"position\":2,\"name\":\"LEONARDO DA VINCI &#8211; ANTARES II\"}]},{\"@type\":\"WebSite\",\"@id\":\"https:\/\/surestegc.org\/#website\",\"url\":\"https:\/\/surestegc.org\/\",\"name\":\"Mancomunidad Sureste de Gran Canaria\",\"description\":\"La Mancomunidad Intermunicipal del Sureste de Gran Canaria, es una Mancomunidad situada en la isla de Gran Canaria, Espa\u00f1a, y que agrupa a los municipios de Santa Luc\u00eda de Tirajana, Ingenio y Ag\u00fcimes.\",\"publisher\":{\"@id\":\"https:\/\/surestegc.org\/#organization\"},\"potentialAction\":[{\"@type\":\"SearchAction\",\"target\":{\"@type\":\"EntryPoint\",\"urlTemplate\":\"https:\/\/surestegc.org\/?s={search_term_string}\"},\"query-input\":{\"@type\":\"PropertyValueSpecification\",\"valueRequired\":true,\"valueName\":\"search_term_string\"}}],\"inLanguage\":\"es\"},{\"@type\":\"Organization\",\"@id\":\"https:\/\/surestegc.org\/#organization\",\"name\":\"Mancomunidad Sureste de Gran Canaria\",\"url\":\"https:\/\/surestegc.org\/\",\"logo\":{\"@type\":\"ImageObject\",\"inLanguage\":\"es\",\"@id\":\"https:\/\/surestegc.org\/#\/schema\/logo\/image\/\",\"url\":\"https:\/\/surestegc.org\/wp-content\/uploads\/2023\/06\/cropped-Logo-Mancomunidad-so\u0301lo.png\",\"contentUrl\":\"https:\/\/surestegc.org\/wp-content\/uploads\/2023\/06\/cropped-Logo-Mancomunidad-so\u0301lo.png\",\"width\":200,\"height\":296,\"caption\":\"Mancomunidad Sureste de Gran Canaria\"},\"image\":{\"@id\":\"https:\/\/surestegc.org\/#\/schema\/logo\/image\/\"}}]}<\/script>\n<!-- \/ Yoast SEO plugin. -->","yoast_head_json":{"title":"LEONARDO DA VINCI - ANTARES II - Mancomunidad Sureste de Gran Canaria","robots":{"index":"noindex","follow":"follow","max-snippet":"max-snippet:-1","max-image-preview":"max-image-preview:large","max-video-preview":"max-video-preview:-1"},"og_locale":"es_ES","og_type":"article","og_title":"LEONARDO DA VINCI - ANTARES II - Mancomunidad Sureste de Gran Canaria","og_description":"Tanto la Mancomunidad como los Ayuntamientos que la conforman est\u00e1n especialmente sensibilizados en la promoci\u00f3n de la econom\u00eda de la Comarca. Una herramienta clave es potenciar la formaci\u00f3n de su poblaci\u00f3n joven.","og_url":"https:\/\/surestegc.org\/index.php\/portfolio-item\/leonardo-da-vinci-antares-ii\/","og_site_name":"Mancomunidad Sureste de Gran Canaria","article_modified_time":"2023-03-01T13:19:00+00:00","og_image":[{"width":400,"height":400,"url":"https:\/\/surestegc.org\/wp-content\/uploads\/2023\/03\/Disen\u0303o-sin-ti\u0301tulo-84.png","type":"image\/png"}],"twitter_card":"summary_large_image","schema":{"@context":"https:\/\/schema.org","@graph":[{"@type":"WebPage","@id":"https:\/\/surestegc.org\/index.php\/portfolio-item\/leonardo-da-vinci-antares-ii\/","url":"https:\/\/surestegc.org\/index.php\/portfolio-item\/leonardo-da-vinci-antares-ii\/","name":"LEONARDO DA VINCI - ANTARES II - Mancomunidad Sureste de Gran Canaria","isPartOf":{"@id":"https:\/\/surestegc.org\/#website"},"primaryImageOfPage":{"@id":"https:\/\/surestegc.org\/index.php\/portfolio-item\/leonardo-da-vinci-antares-ii\/#primaryimage"},"image":{"@id":"https:\/\/surestegc.org\/index.php\/portfolio-item\/leonardo-da-vinci-antares-ii\/#primaryimage"},"thumbnailUrl":"https:\/\/surestegc.org\/wp-content\/uploads\/2023\/03\/Disen\u0303o-sin-ti\u0301tulo-84.png","datePublished":"2023-03-01T13:13:07+00:00","dateModified":"2023-03-01T13:19:00+00:00","breadcrumb":{"@id":"https:\/\/surestegc.org\/index.php\/portfolio-item\/leonardo-da-vinci-antares-ii\/#breadcrumb"},"inLanguage":"es","potentialAction":[{"@type":"ReadAction","target":["https:\/\/surestegc.org\/index.php\/portfolio-item\/leonardo-da-vinci-antares-ii\/"]}]},{"@type":"ImageObject","inLanguage":"es","@id":"https:\/\/surestegc.org\/index.php\/portfolio-item\/leonardo-da-vinci-antares-ii\/#primaryimage","url":"https:\/\/surestegc.org\/wp-content\/uploads\/2023\/03\/Disen\u0303o-sin-ti\u0301tulo-84.png","contentUrl":"https:\/\/surestegc.org\/wp-content\/uploads\/2023\/03\/Disen\u0303o-sin-ti\u0301tulo-84.png","width":400,"height":400},{"@type":"BreadcrumbList","@id":"https:\/\/surestegc.org\/index.php\/portfolio-item\/leonardo-da-vinci-antares-ii\/#breadcrumb","itemListElement":[{"@type":"ListItem","position":1,"name":"Portada","item":"https:\/\/surestegc.org\/"},{"@type":"ListItem","position":2,"name":"LEONARDO DA VINCI &#8211; ANTARES II"}]},{"@type":"WebSite","@id":"https:\/\/surestegc.org\/#website","url":"https:\/\/surestegc.org\/","name":"Mancomunidad Sureste de Gran Canaria","description":"La Mancomunidad Intermunicipal del Sureste de Gran Canaria, es una Mancomunidad situada en la isla de Gran Canaria, Espa\u00f1a, y que agrupa a los municipios de Santa Luc\u00eda de Tirajana, Ingenio y Ag\u00fcimes.","publisher":{"@id":"https:\/\/surestegc.org\/#organization"},"potentialAction":[{"@type":"SearchAction","target":{"@type":"EntryPoint","urlTemplate":"https:\/\/surestegc.org\/?s={search_term_string}"},"query-input":{"@type":"PropertyValueSpecification","valueRequired":true,"valueName":"search_term_string"}}],"inLanguage":"es"},{"@type":"Organization","@id":"https:\/\/surestegc.org\/#organization","name":"Mancomunidad Sureste de Gran Canaria","url":"https:\/\/surestegc.org\/","logo":{"@type":"ImageObject","inLanguage":"es","@id":"https:\/\/surestegc.org\/#\/schema\/logo\/image\/","url":"https:\/\/surestegc.org\/wp-content\/uploads\/2023\/06\/cropped-Logo-Mancomunidad-so\u0301lo.png","contentUrl":"https:\/\/surestegc.org\/wp-content\/uploads\/2023\/06\/cropped-Logo-Mancomunidad-so\u0301lo.png","width":200,"height":296,"caption":"Mancomunidad Sureste de Gran Canaria"},"image":{"@id":"https:\/\/surestegc.org\/#\/schema\/logo\/image\/"}}]}},"_links":{"self":[{"href":"https:\/\/surestegc.org\/index.php\/wp-json\/wp\/v2\/portfolio\/309","targetHints":{"allow":["GET"]}}],"collection":[{"href":"https:\/\/surestegc.org\/index.php\/wp-json\/wp\/v2\/portfolio"}],"about":[{"href":"https:\/\/surestegc.org\/index.php\/wp-json\/wp\/v2\/types\/portfolio"}],"author":[{"embeddable":true,"href":"https:\/\/surestegc.org\/index.php\/wp-json\/wp\/v2\/users\/1"}],"replies":[{"embeddable":true,"href":"https:\/\/surestegc.org\/index.php\/wp-json\/wp\/v2\/comments?post=309"}],"wp:featuredmedia":[{"embeddable":true,"href":"https:\/\/surestegc.org\/index.php\/wp-json\/wp\/v2\/media\/310"}],"wp:attachment":[{"href":"https:\/\/surestegc.org\/index.php\/wp-json\/wp\/v2\/media?parent=309"}],"wp:term":[{"taxonomy":"portfolio-types","embeddable":true,"href":"https:\/\/surestegc.org\/index.php\/wp-json\/wp\/v2\/portfolio-types?post=309"}],"curies":[{"name":"wp","href":"https:\/\/api.w.org\/{rel}","templated":true}]}}

<p>Tanto la Mancomunidad como los Ayuntamientos que la conforman están especialmente sensibilizados en la promoción de la economía de la Comarca. Una herramienta clave es potenciar la formación de su población joven. </p>

<!-- This site is optimized with the Yoast SEO plugin v27.0 - https://yoast.com/product/yoast-seo-wordpress/ -->
<title>LEONARDO DA VINCI - ANTARES II - Mancomunidad Sureste de Gran Canaria</title>
<meta name="robots" content="noindex, follow, max-snippet:-1, max-image-preview:large, max-video-preview:-1" />
<meta property="og:locale" content="es_ES" />
<meta property="og:type" content="article" />
<meta property="og:title" content="LEONARDO DA VINCI - ANTARES II - Mancomunidad Sureste de Gran Canaria" />
<meta property="og:description" content="Tanto la Mancomunidad como los Ayuntamientos que la conforman están especialmente sensibilizados en la promoción de la economía de la Comarca. Una herramienta clave es potenciar la formación de su población joven." />
<meta property="og:url" content="https://surestegc.org/index.php/portfolio-item/leonardo-da-vinci-antares-ii/" />
<meta property="og:site_name" content="Mancomunidad Sureste de Gran Canaria" />
<meta property="article:modified_time" content="2023-03-01T13:19:00+00:00" />
<meta property="og:image" content="https://surestegc.org/wp-content/uploads/2023/03/Diseño-sin-título-84.png" />
	<meta property="og:image:width" content="400" />
	<meta property="og:image:height" content="400" />
	<meta property="og:image:type" content="image/png" />
<meta name="twitter:card" content="summary_large_image" />
<script type="application/ld+json" class="yoast-schema-graph">{"@context":"https://schema.org","@graph":[{"@type":"WebPage","@id":"https://surestegc.org/index.php/portfolio-item/leonardo-da-vinci-antares-ii/","url":"https://surestegc.org/index.php/portfolio-item/leonardo-da-vinci-antares-ii/","name":"LEONARDO DA VINCI - ANTARES II - Mancomunidad Sureste de Gran Canaria","isPartOf":{"@id":"https://surestegc.org/#website"},"primaryImageOfPage":{"@id":"https://surestegc.org/index.php/portfolio-item/leonardo-da-vinci-antares-ii/#primaryimage"},"image":{"@id":"https://surestegc.org/index.php/portfolio-item/leonardo-da-vinci-antares-ii/#primaryimage"},"thumbnailUrl":"https://surestegc.org/wp-content/uploads/2023/03/Diseño-sin-título-84.png","datePublished":"2023-03-01T13:13:07+00:00","dateModified":"2023-03-01T13:19:00+00:00","breadcrumb":{"@id":"https://surestegc.org/index.php/portfolio-item/leonardo-da-vinci-antares-ii/#breadcrumb"},"inLanguage":"es","potentialAction":[{"@type":"ReadAction","target":["https://surestegc.org/index.php/portfolio-item/leonardo-da-vinci-antares-ii/"]}]},{"@type":"ImageObject","inLanguage":"es","@id":"https://surestegc.org/index.php/portfolio-item/leonardo-da-vinci-antares-ii/#primaryimage","url":"https://surestegc.org/wp-content/uploads/2023/03/Diseño-sin-título-84.png","contentUrl":"https://surestegc.org/wp-content/uploads/2023/03/Diseño-sin-título-84.png","width":400,"height":400},{"@type":"BreadcrumbList","@id":"https://surestegc.org/index.php/portfolio-item/leonardo-da-vinci-antares-ii/#breadcrumb","itemListElement":[{"@type":"ListItem","position":1,"name":"Portada","item":"https://surestegc.org/"},{"@type":"ListItem","position":2,"name":"LEONARDO DA VINCI &#8211; ANTARES II"}]},{"@type":"WebSite","@id":"https://surestegc.org/#website","url":"https://surestegc.org/","name":"Mancomunidad Sureste de Gran Canaria","description":"La Mancomunidad Intermunicipal del Sureste de Gran Canaria, es una Mancomunidad situada en la isla de Gran Canaria, España, y que agrupa a los municipios de Santa Lucía de Tirajana, Ingenio y Agüimes.","publisher":{"@id":"https://surestegc.org/#organization"},"potentialAction":[{"@type":"SearchAction","target":{"@type":"EntryPoint","urlTemplate":"https://surestegc.org/?s={search_term_string}"},"query-input":{"@type":"PropertyValueSpecification","valueRequired":true,"valueName":"search_term_string"}}],"inLanguage":"es"},{"@type":"Organization","@id":"https://surestegc.org/#organization","name":"Mancomunidad Sureste de Gran Canaria","url":"https://surestegc.org/","logo":{"@type":"ImageObject","inLanguage":"es","@id":"https://surestegc.org/#/schema/logo/image/","url":"https://surestegc.org/wp-content/uploads/2023/06/cropped-Logo-Mancomunidad-sólo.png","contentUrl":"https://surestegc.org/wp-content/uploads/2023/06/cropped-Logo-Mancomunidad-sólo.png","width":200,"height":296,"caption":"Mancomunidad Sureste de Gran Canaria"},"image":{"@id":"https://surestegc.org/#/schema/logo/image/"}}]}</script>
<!-- / Yoast SEO plugin. -->

Tanto la Mancomunidad como los Ayuntamientos que la conforman están especialmente sensibilizados en la promoción de la economía de la Comarca. Una herramienta clave es potenciar la formación de su población joven.

La Mancomunidad Intermunicipal del Sureste de Gran Canaria, es una Mancomunidad situada en la isla de Gran Canaria, España, y que agrupa a los municipios de Santa Lucía de Tirajana, Ingenio y Agüimes.
